{"id":12,"date":"2019-05-27T17:59:38","date_gmt":"2019-05-27T17:59:38","guid":{"rendered":"http:\/\/www.byensgardin.dk\/?page_id=12"},"modified":"2020-12-20T18:43:53","modified_gmt":"2020-12-20T18:43:53","slug":"12-2","status":"publish","type":"page","link":"https:\/\/www.byensgardin.dk\/","title":{"rendered":""},"content":{"rendered":"<p>[et_pb_section fb_built=&#8221;1&#8243; _builder_version=&#8221;3.23.3&#8243; min_height=&#8221;0px&#8221; custom_margin=&#8221;416px||-181px|||&#8221; custom_padding=&#8221;0px||0px|||&#8221;][\/et_pb_section][et_pb_section fb_built=&#8221;1&#8243; _builder_version=&#8221;3.23.3&#8243; custom_margin=&#8221;-535px|||||&#8221; custom_padding=&#8221;0px||0px|||&#8221;][et_pb_row _builder_version=&#8221;3.25&#8243; min_height=&#8221;139px&#8221; custom_margin=&#8221;|auto|-6px|auto||&#8221;][et_pb_column type=&#8221;4_4&#8243; _builder_version=&#8221;3.25&#8243; custom_padding=&#8221;|||&#8221; custom_padding__hover=&#8221;|||&#8221;][et_pb_image src=&#8221;https:\/\/www.byensgardin.dk\/wp-content\/uploads\/2019\/05\/Byens-gardin-logo-final-web.png&#8221; alt=&#8221;logo af byens gardin i struer&#8221; align=&#8221;center&#8221; _builder_version=&#8221;4.0.6&#8243; min_height=&#8221;6px&#8221; height=&#8221;258px&#8221;][\/et_pb_image][\/et_pb_column][\/et_pb_row][\/et_pb_section][et_pb_section fb_built=&#8221;1&#8243; fullwidth=&#8221;on&#8221; _builder_version=&#8221;4.7.7&#8243; background_image=&#8221;https:\/\/www.byensgardin.dk\/wp-content\/uploads\/2019\/05\/frank-linde-byens-gardin-struer.jpg&#8221;][et_pb_fullwidth_slider _builder_version=&#8221;3.23.3&#8243; header_font=&#8221;|600|||||||&#8221; link_option_url=&#8221;tel:\/\/40141066&#8243;][et_pb_slide heading=&#8221;SKAL DU HAVE NYE GARDINER?&#8221; button_text=&#8221;RING TIL FRANK&#8221; button_link=&#8221;tel:\/\/40141066&#8243; _builder_version=&#8221;3.23.3&#8243; background_image=&#8221;https:\/\/www.byensgardin.dk\/wp-content\/uploads\/2019\/05\/frank-linde-byens-gardin-struer.jpg&#8221; sticky_transition=&#8221;on&#8221;][\/et_pb_slide][\/et_pb_fullwidth_slider][\/et_pb_section][et_pb_section fb_built=&#8221;1&#8243; _builder_version=&#8221;3.23.3&#8243;][et_pb_row _builder_version=&#8221;4.7.7&#8243; hover_enabled=&#8221;0&#8243; sticky_enabled=&#8221;0&#8243;][et_pb_column type=&#8221;4_4&#8243; _builder_version=&#8221;4.0.6&#8243;][et_pb_text _builder_version=&#8221;4.7.7&#8243; hover_enabled=&#8221;0&#8243; sticky_enabled=&#8221;0&#8243;]<\/p>\n<h1><span>Velkommen til Byens Gardin<\/span><\/h1>\n<p><span>Byens Gardin er en rullende forretning med speciale i totall\u00f8sninger indenfor gardiner. Her er ingen fysisk forretning, men i stedet k\u00f8rer jeg gardinbussen \u2013 som er butikken \u2013 ud til private og virksomheder. Her r\u00e5dgiver jeg om valget af gardiner i henhold til den enkelte situation og de p\u00e5g\u00e6ldende \u00f8nsker og behov. Herefter tager jeg m\u00e5l og monterer de valgte gardiner.<\/span><\/p>\n<p><span>Det er din garanti for, at du f\u00e5r et flot og unikt resultat, og det giver ogs\u00e5 stor fleksibilitet, at butikken kommer ud til dig \u2013 og ikke omvendt.<\/span><\/p>\n<p><span><\/span><\/p>\n<p><span><\/span><\/p>\n<h2><span>Byens Gardin arbejder med alle slags gardiner: Lamelgardiner, plissegardiner, rullegardiner, persienner, markiser og mange flere.<\/span><\/h2>\n<p><span><\/span><\/p>\n<p><span>Med over 20 \u00e5rs erfaring med r\u00e5dgivning, m\u00e5ltagning og montering af gardiner i bagagen kan du v\u00e6re sikker p\u00e5 at f\u00e5 en leverand\u00f8r, som har det praktiske knowhow i orden, og som forst\u00e5r, hvilken forskel de helt rigtige gardiner g\u00f8r for indretningen.<\/span><\/p>\n<p>[\/et_pb_text][\/et_pb_column][\/et_pb_row][et_pb_row _builder_version=&#8221;4.7.7&#8243; _module_preset=&#8221;default&#8221; column_structure=&#8221;1_2,1_2&#8243; hover_enabled=&#8221;0&#8243; sticky_enabled=&#8221;0&#8243;][et_pb_column _builder_version=&#8221;4.7.7&#8243; _module_preset=&#8221;default&#8221; type=&#8221;1_2&#8243;][et_pb_text _builder_version=&#8221;4.7.7&#8243; _module_preset=&#8221;default&#8221; hover_enabled=&#8221;0&#8243; sticky_enabled=&#8221;0&#8243;]<\/p>\n<p><strong>BYENS GARDIN V\/FRANK LINDE<\/strong><br \/><strong>Tlf 40141066<\/strong><\/p>\n<p><strong>frank@byensgardin.dk<\/strong><\/p>\n<p><strong>CVR 39176343<\/strong><\/p>\n<p>[\/et_pb_text][\/et_pb_column][et_pb_column _builder_version=&#8221;4.7.7&#8243; _module_preset=&#8221;default&#8221; type=&#8221;1_2&#8243;][et_pb_image src=&#8221;https:\/\/www.byensgardin.dk\/wp-content\/uploads\/2019\/05\/frank-linde-byens-gardin-gardinbus.jpg&#8221; _builder_version=&#8221;4.7.7&#8243; _module_preset=&#8221;default&#8221; alt=&#8221;firmabil der k\u00f8re ud med gardiner i struer&#8221; title_text=&#8221;frank-linde-byens-gardin-gardinbus&#8221; hover_enabled=&#8221;0&#8243; sticky_enabled=&#8221;0&#8243;][\/et_pb_image][\/et_pb_column][\/et_pb_row][et_pb_row _builder_version=&#8221;4.0.6&#8243;][et_pb_column type=&#8221;4_4&#8243; _builder_version=&#8221;4.0.6&#8243;][et_pb_text _builder_version=&#8221;4.0.6&#8243;]<\/p>\n<p style=\"text-align: center;\"><em><strong>Kunne du t\u00e6nke dig at se mere af mit arbejde? <\/strong><\/em><\/p>\n<p style=\"text-align: center;\"><span>Find og f\u00f8lg mig p\u00e5 Facebook, hvor jeg l\u00f8bende l\u00e6gger billeder op af gardinprojekter, som jeg har l\u00f8st for kunder.<\/span><\/p>\n<p>[\/et_pb_text][et_pb_image src=&#8221;https:\/\/www.byensgardin.dk\/wp-content\/uploads\/2020\/03\/byens-gardin-facebook.png&#8221; alt=&#8221;F\u00f8lg Byens Gardin p\u00e5 Facebook&#8221; url=&#8221;https:\/\/www.facebook.com\/ByensGardin\/&#8221; align=&#8221;center&#8221; _builder_version=&#8221;4.7.7&#8243; max_height=&#8221;50px&#8221;][\/et_pb_image][\/et_pb_column][\/et_pb_row][\/et_pb_section]<\/p>\n","protected":false},"excerpt":{"rendered":"<p>Velkommen til Byens Gardin Byens Gardin er en rullende forretning med speciale i totall\u00f8sninger indenfor gardiner. Her er ingen fysisk forretning, men i stedet k\u00f8rer jeg gardinbussen \u2013 som er butikken \u2013 ud til private og virksomheder. Her r\u00e5dgiver jeg om valget af gardiner i henhold til den enkelte situation og de p\u00e5g\u00e6ldende \u00f8nsker og [&hellip;]<\/p>\n","protected":false},"author":1,"featured_media":0,"parent":0,"menu_order":0,"comment_status":"closed","ping_status":"closed","template":"","meta":{"_et_pb_use_builder":"on","_et_pb_old_content":"","_et_gb_content_width":"","footnotes":""},"class_list":["post-12","page","type-page","status-publish","hentry"],"yoast_head":"<!-- This site is optimized with the Yoast SEO plugin v27.2 - https:\/\/yoast.com\/product\/yoast-seo-wordpress\/ -->\n<title>Nye Gardiner eller Persienner? \u00bb Ring til Byens Gardin i Struer<\/title>\n<meta name=\"description\" content=\"Byens Gardin har mere end 20\u00e5rs erfaring &amp; kan klarer alle typer af gardiner \u27a4 Bes\u00f8g vores butik i Struer eller ring til Byens Gardin her \u260e\" \/>\n<meta name=\"robots\" content=\"index, follow, max-snippet:-1, max-image-preview:large, max-video-preview:-1\" \/>\n<link rel=\"canonical\" href=\"https:\/\/www.byensgardin.dk\/\" \/>\n<meta property=\"og:locale\" content=\"da_DK\" \/>\n<meta property=\"og:type\" content=\"article\" \/>\n<meta property=\"og:title\" content=\"Nye Gardiner eller Persienner? \u00bb Ring til Byens Gardin i Struer\" \/>\n<meta property=\"og:description\" content=\"Byens Gardin har mere end 20\u00e5rs erfaring &amp; kan klarer alle typer af gardiner \u27a4 Bes\u00f8g vores butik i Struer eller ring til Byens Gardin her \u260e\" \/>\n<meta property=\"og:url\" content=\"https:\/\/www.byensgardin.dk\/\" \/>\n<meta property=\"og:site_name\" content=\"Byens gardin\" \/>\n<meta property=\"article:modified_time\" content=\"2020-12-20T18:43:53+00:00\" \/>\n<meta name=\"twitter:card\" content=\"summary_large_image\" \/>\n<meta name=\"twitter:label1\" content=\"Estimeret l\u00e6setid\" \/>\n\t<meta name=\"twitter:data1\" content=\"3 minutter\" \/>\n<script type=\"application\/ld+json\" class=\"yoast-schema-graph\">{\"@context\":\"https:\/\/schema.org\",\"@graph\":[{\"@type\":\"WebPage\",\"@id\":\"https:\/\/www.byensgardin.dk\/\",\"url\":\"https:\/\/www.byensgardin.dk\/\",\"name\":\"Nye Gardiner eller Persienner? \u00bb Ring til Byens Gardin i Struer\",\"isPartOf\":{\"@id\":\"https:\/\/www.byensgardin.dk\/#website\"},\"datePublished\":\"2019-05-27T17:59:38+00:00\",\"dateModified\":\"2020-12-20T18:43:53+00:00\",\"description\":\"Byens Gardin har mere end 20\u00e5rs erfaring & kan klarer alle typer af gardiner \u27a4 Bes\u00f8g vores butik i Struer eller ring til Byens Gardin her \u260e\",\"inLanguage\":\"da-DK\",\"potentialAction\":[{\"@type\":\"ReadAction\",\"target\":[\"https:\/\/www.byensgardin.dk\/\"]}]},{\"@type\":\"WebSite\",\"@id\":\"https:\/\/www.byensgardin.dk\/#website\",\"url\":\"https:\/\/www.byensgardin.dk\/\",\"name\":\"Byens gardin\",\"description\":\"Frank Linde\",\"potentialAction\":[{\"@type\":\"SearchAction\",\"target\":{\"@type\":\"EntryPoint\",\"urlTemplate\":\"https:\/\/www.byensgardin.dk\/?s={search_term_string}\"},\"query-input\":{\"@type\":\"PropertyValueSpecification\",\"valueRequired\":true,\"valueName\":\"search_term_string\"}}],\"inLanguage\":\"da-DK\"}]}<\/script>\n<!-- \/ Yoast SEO plugin. -->","yoast_head_json":{"title":"Nye Gardiner eller Persienner? \u00bb Ring til Byens Gardin i Struer","description":"Byens Gardin har mere end 20\u00e5rs erfaring & kan klarer alle typer af gardiner \u27a4 Bes\u00f8g vores butik i Struer eller ring til Byens Gardin her \u260e","robots":{"index":"index","follow":"follow","max-snippet":"max-snippet:-1","max-image-preview":"max-image-preview:large","max-video-preview":"max-video-preview:-1"},"canonical":"https:\/\/www.byensgardin.dk\/","og_locale":"da_DK","og_type":"article","og_title":"Nye Gardiner eller Persienner? \u00bb Ring til Byens Gardin i Struer","og_description":"Byens Gardin har mere end 20\u00e5rs erfaring & kan klarer alle typer af gardiner \u27a4 Bes\u00f8g vores butik i Struer eller ring til Byens Gardin her \u260e","og_url":"https:\/\/www.byensgardin.dk\/","og_site_name":"Byens gardin","article_modified_time":"2020-12-20T18:43:53+00:00","twitter_card":"summary_large_image","twitter_misc":{"Estimeret l\u00e6setid":"3 minutter"},"schema":{"@context":"https:\/\/schema.org","@graph":[{"@type":"WebPage","@id":"https:\/\/www.byensgardin.dk\/","url":"https:\/\/www.byensgardin.dk\/","name":"Nye Gardiner eller Persienner? \u00bb Ring til Byens Gardin i Struer","isPartOf":{"@id":"https:\/\/www.byensgardin.dk\/#website"},"datePublished":"2019-05-27T17:59:38+00:00","dateModified":"2020-12-20T18:43:53+00:00","description":"Byens Gardin har mere end 20\u00e5rs erfaring & kan klarer alle typer af gardiner \u27a4 Bes\u00f8g vores butik i Struer eller ring til Byens Gardin her \u260e","inLanguage":"da-DK","potentialAction":[{"@type":"ReadAction","target":["https:\/\/www.byensgardin.dk\/"]}]},{"@type":"WebSite","@id":"https:\/\/www.byensgardin.dk\/#website","url":"https:\/\/www.byensgardin.dk\/","name":"Byens gardin","description":"Frank Linde","potentialAction":[{"@type":"SearchAction","target":{"@type":"EntryPoint","urlTemplate":"https:\/\/www.byensgardin.dk\/?s={search_term_string}"},"query-input":{"@type":"PropertyValueSpecification","valueRequired":true,"valueName":"search_term_string"}}],"inLanguage":"da-DK"}]}},"_links":{"self":[{"href":"https:\/\/www.byensgardin.dk\/index.php?rest_route=\/wp\/v2\/pages\/12","targetHints":{"allow":["GET"]}}],"collection":[{"href":"https:\/\/www.byensgardin.dk\/index.php?rest_route=\/wp\/v2\/pages"}],"about":[{"href":"https:\/\/www.byensgardin.dk\/index.php?rest_route=\/wp\/v2\/types\/page"}],"author":[{"embeddable":true,"href":"https:\/\/www.byensgardin.dk\/index.php?rest_route=\/wp\/v2\/users\/1"}],"replies":[{"embeddable":true,"href":"https:\/\/www.byensgardin.dk\/index.php?rest_route=%2Fwp%2Fv2%2Fcomments&post=12"}],"version-history":[{"count":26,"href":"https:\/\/www.byensgardin.dk\/index.php?rest_route=\/wp\/v2\/pages\/12\/revisions"}],"predecessor-version":[{"id":81,"href":"https:\/\/www.byensgardin.dk\/index.php?rest_route=\/wp\/v2\/pages\/12\/revisions\/81"}],"wp:attachment":[{"href":"https:\/\/www.byensgardin.dk\/index.php?rest_route=%2Fwp%2Fv2%2Fmedia&parent=12"}],"curies":[{"name":"wp","href":"https:\/\/api.w.org\/{rel}","templated":true}]}}

<p>[et_pb_section fb_built=&#8221;1&#8243; _builder_version=&#8221;3.23.3&#8243; min_height=&#8221;0px&#8221; custom_margin=&#8221;416px||-181px|||&#8221; custom_padding=&#8221;0px||0px|||&#8221;][/et_pb_section][et_pb_section fb_built=&#8221;1&#8243; _builder_version=&#8221;3.23.3&#8243; custom_margin=&#8221;-535px|||||&#8221; custom_padding=&#8221;0px||0px|||&#8221;][et_pb_row _builder_version=&#8221;3.25&#8243; min_height=&#8221;139px&#8221; custom_margin=&#8221;|auto|-6px|auto||&#8221;][et_pb_column type=&#8221;4_4&#8243; _builder_version=&#8221;3.25&#8243; custom_padding=&#8221;|||&#8221; custom_padding__hover=&#8221;|||&#8221;][et_pb_image src=&#8221;https://www.byensgardin.dk/wp-content/uploads/2019/05/Byens-gardin-logo-final-web.png&#8221; alt=&#8221;logo af byens gardin i struer&#8221; align=&#8221;center&#8221; _builder_version=&#8221;4.0.6&#8243; min_height=&#8221;6px&#8221; height=&#8221;258px&#8221;][/et_pb_image][/et_pb_column][/et_pb_row][/et_pb_section][et_pb_section fb_built=&#8221;1&#8243; fullwidth=&#8221;on&#8221; _builder_version=&#8221;4.7.7&#8243; background_image=&#8221;https://www.byensgardin.dk/wp-content/uploads/2019/05/frank-linde-byens-gardin-struer.jpg&#8221;][et_pb_fullwidth_slider _builder_version=&#8221;3.23.3&#8243; header_font=&#8221;|600|||||||&#8221; link_option_url=&#8221;tel://40141066&#8243;][et_pb_slide heading=&#8221;SKAL DU HAVE NYE GARDINER?&#8221; button_text=&#8221;RING TIL FRANK&#8221; button_link=&#8221;tel://40141066&#8243; _builder_version=&#8221;3.23.3&#8243; background_image=&#8221;https://www.byensgardin.dk/wp-content/uploads/2019/05/frank-linde-byens-gardin-struer.jpg&#8221; sticky_transition=&#8221;on&#8221;][/et_pb_slide][/et_pb_fullwidth_slider][/et_pb_section][et_pb_section fb_built=&#8221;1&#8243; _builder_version=&#8221;3.23.3&#8243;][et_pb_row _builder_version=&#8221;4.7.7&#8243; hover_enabled=&#8221;0&#8243; sticky_enabled=&#8221;0&#8243;][et_pb_column type=&#8221;4_4&#8243; _builder_version=&#8221;4.0.6&#8243;][et_pb_text _builder_version=&#8221;4.7.7&#8243; hover_enabled=&#8221;0&#8243; sticky_enabled=&#8221;0&#8243;]</p>
<h1><span>Velkommen til Byens Gardin</span></h1>
<p><span>Byens Gardin er en rullende forretning med speciale i totalløsninger indenfor gardiner. Her er ingen fysisk forretning, men i stedet kører jeg gardinbussen – som er butikken – ud til private og virksomheder. Her rådgiver jeg om valget af gardiner i henhold til den enkelte situation og de pågældende ønsker og behov. Herefter tager jeg mål og monterer de valgte gardiner.</span></p>
<p><span>Det er din garanti for, at du får et flot og unikt resultat, og det giver også stor fleksibilitet, at butikken kommer ud til dig – og ikke omvendt.</span></p>
<p><span></span></p>
<p><span></span></p>
<h2><span>Byens Gardin arbejder med alle slags gardiner: Lamelgardiner, plissegardiner, rullegardiner, persienner, markiser og mange flere.</span></h2>
<p><span></span></p>
<p><span>Med over 20 års erfaring med rådgivning, måltagning og montering af gardiner i bagagen kan du være sikker på at få en leverandør, som har det praktiske knowhow i orden, og som forstår, hvilken forskel de helt rigtige gardiner gør for indretningen.</span></p>
<p>[/et_pb_text][/et_pb_column][/et_pb_row][et_pb_row _builder_version=&#8221;4.7.7&#8243; _module_preset=&#8221;default&#8221; column_structure=&#8221;1_2,1_2&#8243; hover_enabled=&#8221;0&#8243; sticky_enabled=&#8221;0&#8243;][et_pb_column _builder_version=&#8221;4.7.7&#8243; _module_preset=&#8221;default&#8221; type=&#8221;1_2&#8243;][et_pb_text _builder_version=&#8221;4.7.7&#8243; _module_preset=&#8221;default&#8221; hover_enabled=&#8221;0&#8243; sticky_enabled=&#8221;0&#8243;]</p>
<p><strong>BYENS GARDIN V/FRANK LINDE</strong><br /><strong>Tlf 40141066</strong></p>
<p><strong>frank@byensgardin.dk</strong></p>
<p><strong>CVR 39176343</strong></p>
<p>[/et_pb_text][/et_pb_column][et_pb_column _builder_version=&#8221;4.7.7&#8243; _module_preset=&#8221;default&#8221; type=&#8221;1_2&#8243;][et_pb_image src=&#8221;https://www.byensgardin.dk/wp-content/uploads/2019/05/frank-linde-byens-gardin-gardinbus.jpg&#8221; _builder_version=&#8221;4.7.7&#8243; _module_preset=&#8221;default&#8221; alt=&#8221;firmabil der køre ud med gardiner i struer&#8221; title_text=&#8221;frank-linde-byens-gardin-gardinbus&#8221; hover_enabled=&#8221;0&#8243; sticky_enabled=&#8221;0&#8243;][/et_pb_image][/et_pb_column][/et_pb_row][et_pb_row _builder_version=&#8221;4.0.6&#8243;][et_pb_column type=&#8221;4_4&#8243; _builder_version=&#8221;4.0.6&#8243;][et_pb_text _builder_version=&#8221;4.0.6&#8243;]</p>
<p style="text-align: center;"><em><strong>Kunne du tænke dig at se mere af mit arbejde? </strong></em></p>
<p style="text-align: center;"><span>Find og følg mig på Facebook, hvor jeg løbende lægger billeder op af gardinprojekter, som jeg har løst for kunder.</span></p>
<p>[/et_pb_text][et_pb_image src=&#8221;https://www.byensgardin.dk/wp-content/uploads/2020/03/byens-gardin-facebook.png&#8221; alt=&#8221;Følg Byens Gardin på Facebook&#8221; url=&#8221;https://www.facebook.com/ByensGardin/&#8221; align=&#8221;center&#8221; _builder_version=&#8221;4.7.7&#8243; max_height=&#8221;50px&#8221;][/et_pb_image][/et_pb_column][/et_pb_row][/et_pb_section]</p>

<p>Velkommen til Byens Gardin Byens Gardin er en rullende forretning med speciale i totalløsninger indenfor gardiner. Her er ingen fysisk forretning, men i stedet kører jeg gardinbussen – som er butikken – ud til private og virksomheder. Her rådgiver jeg om valget af gardiner i henhold til den enkelte situation og de pågældende ønsker og [&hellip;]</p>

<!-- This site is optimized with the Yoast SEO plugin v27.2 - https://yoast.com/product/yoast-seo-wordpress/ -->
<title>Nye Gardiner eller Persienner? » Ring til Byens Gardin i Struer</title>
<meta name="description" content="Byens Gardin har mere end 20års erfaring &amp; kan klarer alle typer af gardiner ➤ Besøg vores butik i Struer eller ring til Byens Gardin her ☎" />
<meta name="robots" content="index, follow, max-snippet:-1, max-image-preview:large, max-video-preview:-1" />
<link rel="canonical" href="https://www.byensgardin.dk/" />
<meta property="og:locale" content="da_DK" />
<meta property="og:type" content="article" />
<meta property="og:title" content="Nye Gardiner eller Persienner? » Ring til Byens Gardin i Struer" />
<meta property="og:description" content="Byens Gardin har mere end 20års erfaring &amp; kan klarer alle typer af gardiner ➤ Besøg vores butik i Struer eller ring til Byens Gardin her ☎" />
<meta property="og:url" content="https://www.byensgardin.dk/" />
<meta property="og:site_name" content="Byens gardin" />
<meta property="article:modified_time" content="2020-12-20T18:43:53+00:00" />
<meta name="twitter:card" content="summary_large_image" />
<meta name="twitter:label1" content="Estimeret læsetid" />
	<meta name="twitter:data1" content="3 minutter" />
<script type="application/ld+json" class="yoast-schema-graph">{"@context":"https://schema.org","@graph":[{"@type":"WebPage","@id":"https://www.byensgardin.dk/","url":"https://www.byensgardin.dk/","name":"Nye Gardiner eller Persienner? » Ring til Byens Gardin i Struer","isPartOf":{"@id":"https://www.byensgardin.dk/#website"},"datePublished":"2019-05-27T17:59:38+00:00","dateModified":"2020-12-20T18:43:53+00:00","description":"Byens Gardin har mere end 20års erfaring & kan klarer alle typer af gardiner ➤ Besøg vores butik i Struer eller ring til Byens Gardin her ☎","inLanguage":"da-DK","potentialAction":[{"@type":"ReadAction","target":["https://www.byensgardin.dk/"]}]},{"@type":"WebSite","@id":"https://www.byensgardin.dk/#website","url":"https://www.byensgardin.dk/","name":"Byens gardin","description":"Frank Linde","potentialAction":[{"@type":"SearchAction","target":{"@type":"EntryPoint","urlTemplate":"https://www.byensgardin.dk/?s={search_term_string}"},"query-input":{"@type":"PropertyValueSpecification","valueRequired":true,"valueName":"search_term_string"}}],"inLanguage":"da-DK"}]}</script>
<!-- / Yoast SEO plugin. -->

Byens Gardin har mere end 20års erfaring & kan klarer alle typer af gardiner ➤ Besøg vores butik i Struer eller ring til Byens Gardin her ☎
